lculate the remainder when l(-13) is divided by 20.
10
What is the remainder when 1/(4 + 225/(-57)) is divided by 10?
9
Suppose 2*o - 5*l - 40 = 0, 4*o - 20 = 2*l + 76. Let v = -11 + o. What is the remainder when 39 is divided by v?
11
Let d = -43 + 215. Let w be (-12)/20 - d/5. Calculate the remainder when (-30)/(-7) + 10/w is divided by 3.
1
Let b = -19 + 22. Suppose -7*q + 2*q + 140 = -3*a, -q + 4*a + 11 = 0. Suppose q = -b*z + 4*z. Calculate the remainder when z is divided by 11.
9
What is the remainder when 3 is divided by 3 - (-1 - (2 + -3))?
0
Let r(x) = -x**3 - 18*x**2 + 3. Suppose -3*o - 4*c + 20 = 0, 4*c + 1 = 4*o - 35. Calculate the remainder when o is divided by r(-18).
2
Let i be 46*(-2 + 3/2). Let j = -16 - i. What is the remainder when 20 is divided by j?
6
Suppose 3*o - 857 = -134. Suppose 3*a + o + 44 = 5*y, -y + 4*a + 74 = 0. What is the remainder when y is divided by 14?
12
Let u(w) = 2*w. Let v be u(-1). What is the remainder when 41/2 + (-1)/2 is divided by (14 - 0)/(v/(-1))?
6
Let y = -201 - -230. What is the remainder when 52 is divided by y?
23
Suppose -597 = -5*i - 2*v, -2*i - 3*v + 116 + 114 = 0. Suppose -3*k - 47 = -140. Calculate the remainder when i is divided by k.
28
Suppose 71*t = 78*t - 819. Calculate the remainder when t is divided by 24.
21
Let k = 0 - 0. Suppose k = f - 4*f + 21. Calculate the remainder when (-118)/(-6) + (-2)/3 is divided by f.
5
Let r(n) = -n**3 + 11*n**2 + 12*n + 13. Let i = 17 - 5. Calculate the remainder when 51 is divided by r(i).
12
Let j be 1251/15 - 2/5. Let i = j - 44. Calculate the remainder when i is divided by 10.
9
Let p(i) = -i - 1. Let k be p(3). Let w = 12 + k. What is the remainder when 69/(-1)*4/(-12) is divided by w?
7
Suppose -21 - 4 = -5*l. Suppose -3*i = -i + 5*b + l, 65 = 4*i - 5*b. Suppose 3*r - 4 = 2*r. Calculate the remainder when i is divided by r.
2
Suppose s + 4*s = 2*c - 61, 5*c = 3*s + 143. Suppose 0 = 7*r - c - 49. Calculate the remainder when r is divided by 3.
2
Let x be 2/(((-6)/4)/(-3)). Suppose -193 = -x*q - 33. Calculate the remainder when q is divided by 21.
19
Let s(t) = 3*t + 97. What is the remainder when s(-21) is divided by 18?
16
Suppose 45 = -3*o - y - 2*y, -y = 3*o + 35. Let w = o - -15. Let b = -1 + 3. Calculate the remainder when w is divided by b.
1
Suppose -2*t - 2 = -6. Suppose 4*r + t*n - 170 = 3*n, -88 = -2*r + 2*n. What is the remainder when r is divided by 15?
12
Suppose -2*n - 2 = 2. Calculate the remainder when (-5)/(10/(-34)) - 3 is divided by (-4*1)/n - -3.
4
Let p = 32 - 7. What is the remainder when p is divided by 14?
11
Suppose -2*n + 8 - 2 = 0. Suppose 0 = -s - n*s + 52. Calculate the remainder when 22 is divided by s.
9
Let w = 31 + -12. Let n(c) = c - 11. Let u be n(7). Calculate the remainder when w is divided by 15*-1*u/6.
9
Let u be (10/6)/((-5)/(-15)). Suppose 3*i + 129 = -0*v + 2*v, -4*v - u*i = -269. What is the remainder when v is divided by 17?
15
Let r = 21 + -19. Let j = 10 - 6. Calculate the remainder when j is divided by r.
0
Suppose -p + 18 = -6*m + m, -5*p = 4*m + 26. Let y(w) = -4*w + 3. What is the remainder when 19 is divided by y(p)?
8
Let c = -52 + 83. What is the remainder when c is divided by 11?
9
Suppose 0 = -4*n + 8, -3*r - 2*n = -3*n - 10. Suppose -191 - 24 = -5*s + 4*k, r*s - 2*k - 178 = 0. What is the remainder when s is divided by 19 + (75/(-5))/5?
15
What is the remainder when 72 is divided by (2/(-3))/((-2)/57)?
15
Suppose -18 = -3*x + 2*x. Calculate the remainder when x is divided by (-5 + 2 - -13) + -3.
4
Let r(y) = y**2 + 3*y + 4. Calculate the remainder when 22 is divided by r(-4).
6
Suppose 2*d + 4 = 4*d, 0 = 3*q + 4*d - 65. Let x(a) = a**2 - 3*a - 3. What is the remainder when q is divided by x(5)?
5
Let h(r) = r. Let f = 14 + -8. Let m be h(f). Let w(o) = o**2 - 3*o - 2. Calculate the remainder when 47 is divided by w(m).
15
Suppose -5*c + 0*c - 15 = -5*j, -j - 12 = 4*c. Suppose l - z - 25 + 9 = j, -5*l + 2*z = -68. Calculate the remainder when 3/(3*1/22) is divided by l.
10
Calculate the remainder when 10575/99 + 4/22 is divided by 22.
19
Let t(q) = 2*q**3 - 5*q**2 + q + 3. What is the remainder when 41 is divided by t(3)?
11
Suppose 78 = 4*s - 10. Calculate the remainder when s is divided by 6.
4
Let z(o) = o**2 + 7. Let y(r) = r - 4. Let x be y(6). Suppose -10 + 50 = x*c. What is the remainder when c is divided by z(0)?
6
Suppose 0 = -9*u + 111 + 123. What is the remainder when u is divided by 14?
12
Let v = -12 - -29. Calculate the remainder when 56 is divided by v.
5
Suppose 77 + 15 = 4*y. Calculate the remainder when y is divided by 5.
3
Calculate the remainder when 477 is divided by 65/26*(6 - 0).
12
Let v(u) be the third derivative of -u**6/120 - 7*u**5/60 - u**4/4 + 7*u**3/6 - 4*u**2. Calculate the remainder when v(-6) is divided by 2.
1
Let y(h) = h**2 - 7*h + 3. Let p be y(5). Suppose -5*b = -5*u + 80, -u - 3*u - 14 = 2*b. Let z = p - b. What is the remainder when 21 is divided by z?
3
Let k = -2 + 7. Suppose k = j - 20. What is the remainder when j is divided by 14?
11
Suppose 0 = 2*t - 4*j + 4, 2*t + t - 3*j = 0. Suppose 3*b + t*b - 100 = 0. What is the remainder when b is divided by 11?
9
Let g = 90 - 81. What is the remainder when 62 is divided by g?
8
Let n(x) = 3*x - 2. Let z(l) = l**2 - 3*l - 6. Let g be z(5). Let c be n(g). Calculate the remainder when 354/c + (-4)/10 is divided by 12.
11
Suppose 0 = s + 2*s - g - 71, -5*s + 117 = -3*g. Calculate the remainder when -2 + 3 + 3 + 66 is divided by s.
22
Let l(u) = u**2 + 9*u - 6. Let q be l(-9). Let h = -3 - q. Calculate the remainder when h is divided by 2.
1
Let p(o) = -6*o**3 + o**2 - 2*o. Let b be p(2). Let s = -26 - b. What is the remainder when s is divided by 12?
10
Let p(z) = 10*z**3 + 2*z**2 - 2. Let q be p(2). Let g = 10 + 3. What is the remainder when (3 + q/(-4))*-2 is divided by g?
11
Let u = 26 - 14. What is the remainder when 21 is divided by u?
9
Suppose 4*n - 3*m - m - 160 = 0, 3*m + 82 = 2*n. Calculate the remainder when n is divided by (-39*5/30)/((-2)/4).
12
Let d(z) = -z**2 - 10*z. Let c be d(-6). Suppose 2*o = o - 5*i + 12, 4*i + c = 2*o. Let n = 31 + -8. Calculate the remainder when n is divided by o.
11
Let m = -47 - -122. Suppose -m = 2*a - 7*a. Calculate the remainder when 43 is divided by a.
13
Suppose 5*t + 1 = t + 5*a, 5*t + a = 35. What is the remainder when t is divided by 5?
1
Let o = 0 - 0. Suppose -3*q + 4*q - 4 = o. Suppose q*c + 42 = 2*z, -3*c + 7*c = 20. Calculate the remainder when z is divided by 16.
15
Suppose -l + 5 = -1. Suppose -5*c + l = -4, c - 4 = -n. Suppose y - n*y + 12 = 0. What is the remainder when 35 is divided by y?
11
Let h be -3*(-1 + 2 + 0) + 0. Let p = -41 + 75. Let k = p + h. What is the remainder when k is divided by 11?
9
Let i = 15 - 12. Let q(z) be the third derivative of z**5/30 - z**4/6 + z**3/6 - 2*z**2. Calculate the remainder when 27 is divided by q(i).
6
Suppose 3*i + 30 = 8*i. What is the remainder when 2 is divided by i/(-8) + (-28)/(-16)?
0
Calculate the remainder when 209 is divided by 1*-1 + 23 + 8.
29
Let o(k) = -k**2 - 5*k - 6. Let f be o(-12). What is the remainder when (f/(-8))/(3/8) is divided by 16?
14
Suppose -3*y + y + 30 = 0. What is the remainder when y is divided by 2?
1
Let c = -3 - -5. Suppose p + 49 = c*v, 3*v - 38 - 34 = 3*p. What is the remainder when v is divided by ((-1)/2)/(3 + -4)*28?
11
Suppose z + 87 = 3*s, -5*s + 2*z - 59 = -205. Suppose -4*p - 58 - 30 = 0. Let i = p - -32. What is the remainder when s is divided by i?
8
Suppose -5*i + 13 = -2, -w = 3*i - 11. Suppose 0 = -2*j + w*d + 11 - 3, 4 = 2*d. Calculate the remainder when 9 is divided by j.
3
Let l = 73 - 57. What is the remainder when 141 is divided by l?
13
Let s = -45 - -65. What is the remainder when 69 is divided by s?
9
Let j = 17 - 28. Let o = 24 + j. What is the remainder when 37 is divided by o?
11
Suppose -4*g = -2*u + 68, 3*g + 99 = 3*u + 12. Calculate the remainder when 68 is divided by u.
20
Let j be (0/(-1) - 0)/1. Suppose 4*m + 0*b - 134 = -2*b, m + 5*b - 29 = j. Let d(p) = p**2 - 7. What is the remainder when m is divided by d(5)?
16
Let j(p) = -p**3 - 11*p**2 - 5*p + 2. What is the remainder when j(-11) is divided by 20?
17
Suppose -z + h - 2*h = -38